What is the thousands digit of 56869?
6
What is the tens digit of 673?
7
What is the thousands digit of 17194?
7
What is the hundreds digit of 4490?
4
What is the hundreds digit of 13184?
1
What is the units digit of 17137?
7
What is the thousands digit of 1546?
1
What is the tens digit of 5353?
5
What is the units digit of 1205?
5
What is the thousands digit of 8153?
8
What is the thousands digit of 59768?
9
What is the units digit of 302?
2
What is the ten thousands digit of 14180?
1
What is the thousands digit of 2720?
2
What is the thousands digit of 2440?
2
What is the ten thousands digit of 99841?
9
What is the thousands digit of 15183?
5
What is the thousands digit of 6904?
6
What is the tens digit of 10298?
9
What is the thousands digit of 13613?
3
What is the hundreds digit of 1935?
9
What is the hundreds digit of 4175?
1
What is the hundreds digit of 136028?
0
What is the tens digit of 85850?
5
What is the units digit of 77?
7
What is the hundreds digit of 9778?
7
What is the units digit of 79479?
9
What is the tens digit of 118?
1
What is the thousands digit of 1630?
1
What is the ten thousands digit of 112038?
1
What is the units digit of 5925?
5
What is the hundreds digit of 7042?
0
What is the hundreds digit of 2593?
5
What is the tens digit of 1452?
5
What is the hundreds digit of 222?
2
What is the tens digit of 153312?
1
What is the units digit of 87?
7
What is the thousands digit of 14233?
4
What is the hundreds digit of 1781?
7
What is the tens digit of 36186?
8
What is the thousands digit of 1125?
1
What is the ten thousands digit of 40838?
4
What is the units digit of 1291?
1
What is the units digit of 3384?
4
What is the thousands digit of 80801?
0
What is the tens digit of 72010?
1
What is the units digit of 592?
2
What is the hundreds digit of 21429?
4
What is the units digit of 7?
7
What is the tens digit of 38362?
6
What is the thousands digit of 50848?
0
What is the ten thousands digit of 15803?
1
What is the thousands digit of 22324?
2
What is the hundreds digit of 84025?
0
What is the thousands digit of 4261?
4
What is the hundreds digit of 3354?
3
What is the units digit of 1058?
8
What is the tens digit of 138?
3
What is the ten thousands digit of 202187?
0
What is the tens digit of 1643?
4
What is the ten thousands digit of 21281?
2
What is the tens digit of 933?
3
What is the tens digit of 3558?
5
What is the thousands digit of 11241?
1
What is the units digit of 280?
0
What is the hundreds digit of 5062?
0
What is the hundreds digit of 1490?
4
What is the thousands digit of 6714?
6
What is the units digit of 3?
3
What is the units digit of 1175?
5
What is the ten thousands digit of 11065?
1
What is the thousands digit of 51074?
1
What is the units digit of 8288?
8
What is the units digit of 20084?
4
What is the hundreds digit of 7969?
9
What is the ten thousands digit of 25878?
2
What is the units digit of 2277?
7
What is the ten thousands digit of 16592?
1
What is the thousands digit of 1498?
1
What is the hundreds digit of 70763?
7
What is the thousands digit of 2120?
2
What is the units digit of 35446?
6
What is the units digit of 14952?
2
What is the tens digit of 3844?
4
What is the tens digit of 5841?
4
What is the thousands digit of 13267?
3
What is the hundreds digit of 47695?
6
What is the thousands digit of 16138?
6
What is the units digit of 1418?
8
What is the tens digit of 386?
8
What is the units digit of 107758?
8
What is the tens digit of 2104?
0
What is the units digit of 25503?
3
What is the tens digit of 17742?
4
What is the thousands digit of 3999?
3
What is the units digit of 169281?
1
What is the hundreds digit of 693?
6
What is the tens digit of 15714?
1
What is the tens digit of 4998?
9
What is the tens digit of 149044?
4
What is the ten thousands digit of 17346?
1
What is the hundreds digit of 1606?
6
What is the hundreds digit of 1236?
2
What is the thousands digit of 3402?
3
What is the units digit of 5522?
2
What is the ten thousands digit of 22993?
2
What is the hundreds digit of 5259?
2
What is the hundreds digit of 1302?
3
What is the thousands digit of 7146?
7
What is the hundreds digit of 40341?
3
What is the hundreds digit of 6912?
9
What is the tens digit of 6637?
3
What is the units digit of 43614?
4
What is the thousands digit of 35580?
5
What is the units digit of 34760?
0
What is the units digit of 1502?
2
What is the units digit of 3221?
1
What is the tens digit of 78?
7
What is the units digit of 59?
9
What is the tens digit of 38263?
6
What is the hundreds digit of 7593?
5
What is the units digit of 59202?
2
What is the hundreds digit of 2041?
0
What is the hundreds digit of 734?
7
What is the units digit of 700?
0
What is the tens digit of 64036?
3
What is the units digit of 10549?
9
What is the ten thousands digit of 46057?
4
What is the units digit of 3253?
3
What is the units digit of 20664?
4
What is the hundreds digit of 8533?
5
What is the hundreds digit of 10939?
9
What is the thousands digit of 3582?
3
What is the units digit of 840?
0
What is the units digit of 2890?
0
What is the tens digit of 1857?
5
What is the tens digit of 233?
3
What is the tens digit of 57033?
3
What is the hundreds digit of 8015?
0
What is the units digit of 35161?
1
What is the units digit of 2897?
7
What is the thousands digit of 15345?
5
What is the thousands digit of 108862?
8
What is the units digit of 386?
6
What is the hundreds digit of 1081?
0
What is the thousands digit of 3013?
3
What is the tens digit of 4891?
9
What is the thousands digit of 29067?
9
What is the tens digit of 53148?
4
What is the tens digit of 37559?
5
What is the hundreds digit of 1103?
1
What is the tens digit of 121678?
7
What is the tens digit of 5812?
1
What is the units digit of 51754?
4
What is the hundreds digit of 4170?
1
What is the tens digit of 10516?
1
What is the thousands digit of 2150?
2
What is the hundreds digit of 5753?
7
What is the units digit of 31932?
2
What is the units digit of 12114?
4
What is the tens digit of 2504?
0
What is the hundreds digit of 1320?
3
What is the ten thousands digit of 46224?
4
What is the thousands digit of 1057?
1
What is the tens digit of 755?
5
What is the units digit of 1464?
4
What is the tens digit of 169?
6
What is the units digit of 3103?
3
What is the thousands digit of 32452?
2
What is the tens digit of 165?
6
What is the units digit of 3374?
4
What is the units digit of 1886?
6
What is the tens digit of 768?
6
What is the units digit of 628?
8
What is the tens digit of 491?
9
What is the ten thousands digit of 11827?
1
What is the thousands digit of 5766?
5
What is the thousands digit of 2718?
2
What is the ten thousands digit of 30694?
3
What is the tens digit of 80959?
5
What is the hundreds digit of 54412?
4
What is the units digit of 8623?
3
What is the units digit of 14965?
5
What is the ten thousands digit of 29293?
2
What is the ten thousands digit of 67634?
6
What is the hundreds digit of 4428?
4
What is the tens digit of 8629?
2
What is the thousands digit of 58369?
8
What is the hundreds digit of 3168?
1
What is the hundreds digit of 488?
4
What is the units digit of 1048?
8
What is the hundreds digit of 734?
7
What is the hundreds digit of 5635?
6
What is the hundreds digit of 20573?
5
What is the ten thousands digit of 14121?
1
What is the tens digit of 329?
2
What is the tens digit of 3910?
1
What is the hundreds digit of 1821?
8
What is the ten thousands digit of 32150?
3
What is the hundreds digit of 3907?
9
What is the thousands digit of 40142?
0
What is the tens digit of 2019?
1
What is the units digit of 15454?
4
What is the tens digit of 11693?
9
What is the thousands digit of 3986?
3
What is the tens digit of 42505?
0
What is the units digit of 1526?
6
What is the tens digit of 62600?
0
What is the thousands digit of 93795?
3
What is the units digit of 24534?
4
What is the units digit of 6041?
1
What is the hundreds digit of 2710?
7
What is the thousands digit of 44306?
4
What is the units digit of 40?
0
What is the ten thousands digit of 58040?
5
What is the tens digit of 54020?
2
What is the units digit of 652?
2
What is the thousands digit of 5058?
5
What is the hundreds digit of 13090?
0
What is the tens digit of 1928?